{"id":220,"date":"2025-01-09T20:59:24","date_gmt":"2025-01-09T20:59:24","guid":{"rendered":"https:\/\/liderazgoamable.com\/?page_id=220"},"modified":"2025-06-18T16:16:59","modified_gmt":"2025-06-18T16:16:59","slug":"aviso-legal","status":"publish","type":"page","link":"https:\/\/liderazgoamable.com\/?page_id=220","title":{"rendered":"Aviso Legal"},"content":{"rendered":"\t\t<div data-elementor-type=\"wp-page\" data-elementor-id=\"220\" class=\"elementor elementor-220\" data-elementor-post-type=\"page\">\n\t\t\t\t<div class=\"elementor-element elementor-element-3e21c845 e-flex e-con-boxed e-con e-parent\" data-id=\"3e21c845\" data-element_type=\"container\">\n\t\t\t\t\t<div class=\"e-con-inner\">\n\t\t\t\t<div class=\"elementor-element elementor-element-2aa4b568 elementor-widget elementor-widget-heading\" data-id=\"2aa4b568\" data-element_type=\"widget\" data-widget_type=\"heading.default\">\n\t\t\t\t<div class=\"elementor-widget-container\">\n\t\t\t\t\t<h1 class=\"elementor-heading-title elementor-size-default\">Aviso Legal<\/h1>\t\t\t\t<\/div>\n\t\t\t\t<\/div>\n\t\t\t\t<div class=\"elementor-element elementor-element-27151128 elementor-widget elementor-widget-text-editor\" data-id=\"27151128\" data-element_type=\"widget\" data-widget_type=\"text-editor.default\">\n\t\t\t\t<div class=\"elementor-widget-container\">\n\t\t\t\t\t\t\t\t\t<div class=\"entry-header\">\u00a0<\/div><div class=\"jeg_share_top_container\">Raz\u00f3n social: <span data-sheets-root=\"1\">LGATCAP PROMOCIO\u0301 SL<\/span><br \/>CIF: <span data-sheets-root=\"1\">B55580369<\/span><br \/>Direcci\u00f3n: <span data-sheets-root=\"1\">Avd. Paisos Catalans, 20, 1\u00ba-4\u00aa, 43007, Tarragona<\/span><br \/>N\u00famero: +<span data-sheets-root=\"1\">34658086819<\/span><br \/>Correo: <span data-sheets-root=\"1\">lgatcap@hotmail.com<\/span><\/div><div>\u00a0<\/div><div class=\"entry-content \"><div class=\"content-inner\"><p><span data-sheets-root=\"1\">LGATCAP PROMOCIO\u0301 SL<\/span> se compromete a mantener este sitio web actualizado y preciso. Si, a pesar de todo, encontrara algo incorrecto o desactualizado, le agradecer\u00edamos que nos lo hiciera saber. Por favor, indique en qu\u00e9 parte del sitio web ha le\u00eddo la informaci\u00f3n. Entonces lo examinaremos lo antes posible. Por favor, env\u00ede su duda por correo electr\u00f3nico a: <span data-sheets-root=\"1\">lgatcap@hotmail.com<\/span>.<\/p><p>No nos hacemos responsables de la p\u00e9rdida como resultado de inexactitudes o incompletitud, ni de la p\u00e9rdida resultante de problemas causados por o inherentes a la difusi\u00f3n de informaci\u00f3n a trav\u00e9s de Internet, tales como disrupciones o interrupciones. Al utilizar formularios web, nos esforzamos por limitar al m\u00ednimo el n\u00famero de campos obligatorios. Por cualquier p\u00e9rdida sufrida como resultado del uso de datos, asesor\u00eda o ideas proporcionados por o en nombre de <span data-sheets-root=\"1\">LGATCAP PROMOCIO\u0301 SL<\/span> a trav\u00e9s de este sitio web, <span data-sheets-root=\"1\">LGATCAP PROMOCIO\u0301 SL<\/span> no acepta ninguna responsabilidad.<\/p><p>Las respuestas y preguntas sobre privacidad enviadas por correo electr\u00f3nico o a trav\u00e9s de un formulario web ser\u00e1n tratadas de la misma manera que las cartas. Esto significa que puede esperar una respuesta de nosotros en un plazo de 1 mes como m\u00e1ximo. En el caso de solicitudes complejas, le informaremos en el plazo de 1 mes si necesitamos un m\u00e1ximo de 3 meses.<\/p><p>Cualquier dato personal que nos proporcione en el contexto de su respuesta o solicitud de informaci\u00f3n s\u00f3lo se utilizar\u00e1 de acuerdo con nuestra declaraci\u00f3n de privacidad.<\/p><p><span data-sheets-root=\"1\">LGATCAP PROMOCIO\u0301 SL<\/span> debe hacer cada esfuerzo razonable para proteger sis sistemas contra cualquier forma de uso ilegal. <span data-sheets-root=\"1\">LGATCAP PROMOCIO\u0301 SL<\/span> aplicar\u00e1n las medidas t\u00e9cnicas y organizativas adecuadas a tal fin, teniendo en cuenta, entre otras cosas, el estado actual de la t\u00e9cnica. No obstante, no se hace responsable de los perjuicios, directos y\/o indirectos, sufridos por el usuario de la p\u00e1gina web, que se deriven de la utilizaci\u00f3n il\u00edcita de sus sistemas por un tercero.<\/p><p><span data-sheets-root=\"1\">LGATCAP PROMOCIO\u0301 SL<\/span> no se hace responsable del contenido de las p\u00e1ginas web a las que se hace referencia mediante hiperv\u00ednculos u otras referencias. Los productos o servicios ofrecidos por terceros estar\u00e1n sujetos a los t\u00e9rminos y condiciones aplicables de dichos terceros.<\/p><p>Nuestros empleados har\u00e1n todo lo posible para garantizar la accesibilidad de nuestra p\u00e1gina web y para mejorarla continuamente. Incluyendo para personas que usan software especial debido a una discapacidad.<\/p><p>Este sitio web est\u00e1 construido de acuerdo con las pautas de nivel AA WCAG 2.1. Estas pautas son acuerdos internacionalmente reconocidos sobre accesibilidad, sostenibilidad, intercambiabilidad y facilidad de b\u00fasqueda de sitios web.<\/p><p>Todos los derechos de propiedad intelectual sobre el contenido de este sitio web pertenecen a terceros que han colocado el contenido ellos mismos o de quienes <span data-sheets-root=\"1\">LGATCAP PROMOCIO\u0301 SL<\/span> ha obtenido una licencia de usuario.<\/p><p>La copia, difusi\u00f3n y cualquier otro uso de estos materiales no est\u00e1 permitido sin el permiso escrito de <span data-sheets-root=\"1\">LGATCAP PROMOCIO\u0301 SL<\/span> , excepto y s\u00f3lo en la medida en que se estipule lo contrario en los reglamentos de la ley obligatoria (como el derecho a cotizar), a menos que el contenido espec\u00edfico dicte lo contrario.<\/p><p>Si tiene alguna pregunta o problema con la accesibilidad del sitio web, no dude en ponerse en contacto con nosotros.<\/p><\/div><\/div>\t\t\t\t\t\t\t\t<\/div>\n\t\t\t\t<\/div>\n\t\t\t\t\t<\/div>\n\t\t\t\t<\/div>\n\t\t\t\t<\/div>\n\t\t","protected":false},"excerpt":{"rendered":"<p>Aviso Legal \u00a0Raz\u00f3n social: LGATCAP PROMOCIO\u0301 SLCIF: B55580369Direcci\u00f3n: Avd. Paisos Catalans, 20, 1\u00ba-4\u00aa, 43007, TarragonaN\u00famero: +34658086819Correo: lgatcap@hotmail.com\u00a0 LGATCAP PROMOCIO\u0301 SL se compromete a mantener este sitio web actualizado y preciso. Si, a pesar de todo, encontrara algo incorrecto o desactualizado, le agradecer\u00edamos que nos lo hiciera saber. Por favor, indique en qu\u00e9 parte del sitio [&hellip;]<\/p>\n","protected":false},"author":3,"featured_media":0,"parent":0,"menu_order":0,"comment_status":"closed","ping_status":"closed","template":"elementor_header_footer","meta":{"footnotes":""},"class_list":["post-220","page","type-page","status-publish","hentry"],"yoast_head":"<!-- This site is optimized with the Yoast SEO plugin v26.7 - https:\/\/yoast.com\/wordpress\/plugins\/seo\/ -->\n<title>Aviso Legal - Coaching Ejecutivo: Impulsa tu carrera al \u00e9xito.<\/title>\n<meta name=\"robots\" content=\"noindex, follow\" \/>\n<meta property=\"og:locale\" content=\"es_ES\" \/>\n<meta property=\"og:type\" content=\"article\" \/>\n<meta property=\"og:title\" content=\"Aviso Legal - Coaching Ejecutivo: Impulsa tu carrera al \u00e9xito.\" \/>\n<meta property=\"og:description\" content=\"Aviso Legal \u00a0Raz\u00f3n social: LGATCAP PROMOCIO\u0301 SLCIF: B55580369Direcci\u00f3n: Avd. Paisos Catalans, 20, 1\u00ba-4\u00aa, 43007, TarragonaN\u00famero: +34658086819Correo: lgatcap@hotmail.com\u00a0 LGATCAP PROMOCIO\u0301 SL se compromete a mantener este sitio web actualizado y preciso. Si, a pesar de todo, encontrara algo incorrecto o desactualizado, le agradecer\u00edamos que nos lo hiciera saber. Por favor, indique en qu\u00e9 parte del sitio [&hellip;]\" \/>\n<meta property=\"og:url\" content=\"https:\/\/liderazgoamable.com\/?page_id=220\" \/>\n<meta property=\"og:site_name\" content=\"Coaching Ejecutivo: Impulsa tu carrera al \u00e9xito.\" \/>\n<meta property=\"article:modified_time\" content=\"2025-06-18T16:16:59+00:00\" \/>\n<meta name=\"twitter:card\" content=\"summary_large_image\" \/>\n<meta name=\"twitter:label1\" content=\"Tiempo de lectura\" \/>\n\t<meta name=\"twitter:data1\" content=\"3 minutos\" \/>\n<script type=\"application\/ld+json\" class=\"yoast-schema-graph\">{\"@context\":\"https:\/\/schema.org\",\"@graph\":[{\"@type\":\"WebPage\",\"@id\":\"https:\/\/liderazgoamable.com\/?page_id=220\",\"url\":\"https:\/\/liderazgoamable.com\/?page_id=220\",\"name\":\"Aviso Legal - Coaching Ejecutivo: Impulsa tu carrera al \u00e9xito.\",\"isPartOf\":{\"@id\":\"https:\/\/liderazgoamable.com\/#website\"},\"datePublished\":\"2025-01-09T20:59:24+00:00\",\"dateModified\":\"2025-06-18T16:16:59+00:00\",\"breadcrumb\":{\"@id\":\"https:\/\/liderazgoamable.com\/?page_id=220#breadcrumb\"},\"inLanguage\":\"es\",\"potentialAction\":[{\"@type\":\"ReadAction\",\"target\":[\"https:\/\/liderazgoamable.com\/?page_id=220\"]}]},{\"@type\":\"BreadcrumbList\",\"@id\":\"https:\/\/liderazgoamable.com\/?page_id=220#breadcrumb\",\"itemListElement\":[{\"@type\":\"ListItem\",\"position\":1,\"name\":\"Home\",\"item\":\"https:\/\/liderazgoamable.com\/\"},{\"@type\":\"ListItem\",\"position\":2,\"name\":\"Aviso Legal\"}]},{\"@type\":\"WebSite\",\"@id\":\"https:\/\/liderazgoamable.com\/#website\",\"url\":\"https:\/\/liderazgoamable.com\/\",\"name\":\"Coaching Ejecutivo: Impulsa tu carrera al \u00e9xito.\",\"description\":\"\u00bfQuieres alcanzar tus metas profesionales? Nuestro coaching ejecutivo te brinda las herramientas y el apoyo que necesitas para potenciar tu liderazgo y alcanzar el \u00e9xito. \",\"potentialAction\":[{\"@type\":\"SearchAction\",\"target\":{\"@type\":\"EntryPoint\",\"urlTemplate\":\"https:\/\/liderazgoamable.com\/?s={search_term_string}\"},\"query-input\":{\"@type\":\"PropertyValueSpecification\",\"valueRequired\":true,\"valueName\":\"search_term_string\"}}],\"inLanguage\":\"es\"}]}<\/script>\n<!-- \/ Yoast SEO plugin. -->","yoast_head_json":{"title":"Aviso Legal - Coaching Ejecutivo: Impulsa tu carrera al \u00e9xito.","robots":{"index":"noindex","follow":"follow"},"og_locale":"es_ES","og_type":"article","og_title":"Aviso Legal - Coaching Ejecutivo: Impulsa tu carrera al \u00e9xito.","og_description":"Aviso Legal \u00a0Raz\u00f3n social: LGATCAP PROMOCIO\u0301 SLCIF: B55580369Direcci\u00f3n: Avd. Paisos Catalans, 20, 1\u00ba-4\u00aa, 43007, TarragonaN\u00famero: +34658086819Correo: lgatcap@hotmail.com\u00a0 LGATCAP PROMOCIO\u0301 SL se compromete a mantener este sitio web actualizado y preciso. Si, a pesar de todo, encontrara algo incorrecto o desactualizado, le agradecer\u00edamos que nos lo hiciera saber. Por favor, indique en qu\u00e9 parte del sitio [&hellip;]","og_url":"https:\/\/liderazgoamable.com\/?page_id=220","og_site_name":"Coaching Ejecutivo: Impulsa tu carrera al \u00e9xito.","article_modified_time":"2025-06-18T16:16:59+00:00","twitter_card":"summary_large_image","twitter_misc":{"Tiempo de lectura":"3 minutos"},"schema":{"@context":"https:\/\/schema.org","@graph":[{"@type":"WebPage","@id":"https:\/\/liderazgoamable.com\/?page_id=220","url":"https:\/\/liderazgoamable.com\/?page_id=220","name":"Aviso Legal - Coaching Ejecutivo: Impulsa tu carrera al \u00e9xito.","isPartOf":{"@id":"https:\/\/liderazgoamable.com\/#website"},"datePublished":"2025-01-09T20:59:24+00:00","dateModified":"2025-06-18T16:16:59+00:00","breadcrumb":{"@id":"https:\/\/liderazgoamable.com\/?page_id=220#breadcrumb"},"inLanguage":"es","potentialAction":[{"@type":"ReadAction","target":["https:\/\/liderazgoamable.com\/?page_id=220"]}]},{"@type":"BreadcrumbList","@id":"https:\/\/liderazgoamable.com\/?page_id=220#breadcrumb","itemListElement":[{"@type":"ListItem","position":1,"name":"Home","item":"https:\/\/liderazgoamable.com\/"},{"@type":"ListItem","position":2,"name":"Aviso Legal"}]},{"@type":"WebSite","@id":"https:\/\/liderazgoamable.com\/#website","url":"https:\/\/liderazgoamable.com\/","name":"Coaching Ejecutivo: Impulsa tu carrera al \u00e9xito.","description":"\u00bfQuieres alcanzar tus metas profesionales? Nuestro coaching ejecutivo te brinda las herramientas y el apoyo que necesitas para potenciar tu liderazgo y alcanzar el \u00e9xito. ","potentialAction":[{"@type":"SearchAction","target":{"@type":"EntryPoint","urlTemplate":"https:\/\/liderazgoamable.com\/?s={search_term_string}"},"query-input":{"@type":"PropertyValueSpecification","valueRequired":true,"valueName":"search_term_string"}}],"inLanguage":"es"}]}},"_links":{"self":[{"href":"https:\/\/liderazgoamable.com\/index.php?rest_route=\/wp\/v2\/pages\/220","targetHints":{"allow":["GET"]}}],"collection":[{"href":"https:\/\/liderazgoamable.com\/index.php?rest_route=\/wp\/v2\/pages"}],"about":[{"href":"https:\/\/liderazgoamable.com\/index.php?rest_route=\/wp\/v2\/types\/page"}],"author":[{"embeddable":true,"href":"https:\/\/liderazgoamable.com\/index.php?rest_route=\/wp\/v2\/users\/3"}],"replies":[{"embeddable":true,"href":"https:\/\/liderazgoamable.com\/index.php?rest_route=%2Fwp%2Fv2%2Fcomments&post=220"}],"version-history":[{"count":10,"href":"https:\/\/liderazgoamable.com\/index.php?rest_route=\/wp\/v2\/pages\/220\/revisions"}],"predecessor-version":[{"id":264,"href":"https:\/\/liderazgoamable.com\/index.php?rest_route=\/wp\/v2\/pages\/220\/revisions\/264"}],"wp:attachment":[{"href":"https:\/\/liderazgoamable.com\/index.php?rest_route=%2Fwp%2Fv2%2Fmedia&parent=220"}],"curies":[{"name":"wp","href":"https:\/\/api.w.org\/{rel}","templated":true}]}}